 -2*c + 230 - 656. Let o = -131 - c. What is the units digit of o?
2
Suppose -6*b = 10*b - 7008. What is the tens digit of b?
3
Let i be (22/4)/((-14)/(-280)). Let q = 334 - i. What is the units digit of q?
4
Let o(v) = 9*v**3 + 4*v**2 - 2*v - 2. Suppose 0 = k - 7 + 5. What is the units digit of o(k)?
2
Suppose -50490 = -11*l - 19217. What is the hundreds digit of l?
8
Let v(b) = -2*b + 191. Let g be v(0). Suppose 355 = 7*m - g. What is the tens digit of m?
7
What is the hundreds digit of (3 - -4282) + (-11)/66*6?
2
Suppose -m = c - 4*m - 5, -4*c + 3*m + 20 = 0. Suppose 5*i + n = 472, -2*i - 3*n = -c*n - 196. What is the units digit of i?
5
Let n(k) = -k + 4. Let l be n(-8). Let x = -9 + l. Suppose 14 = -x*p + 4*p. What is the units digit of p?
4
Let z = -13 - -13. Suppose z = -3*c - 9, 5*s - c + 2*c = 12. Suppose -2*j - 2*k = -12, 15 = s*j + 2*k + 2. What is the units digit of j?
1
Let x = 682 - 210. What is the tens digit of x?
7
Let p(g) = 2*g**2 + 4*g - 4. Let m be p(-4). Suppose -3*r = -11*d + 8*d + 9, -3*d = -4*r - 9. Suppose r*q = -q + m. What is the tens digit of q?
1
Suppose 11 = 2*w + 3, 4*x - 68 = -5*w. Suppose -2*i - x = -144. What is the tens digit of i?
6
Suppose -2*s = 4*c - 2366, -c + s - 6*s = -605. What is the units digit of c?
0
Let j(y) = 169*y**2 - 8*y - 16. What is the hundreds digit of j(-2)?
6
Suppose 3*s = 9 + 27. What is the hundreds digit of (-1)/3 + (-3 - (-1384)/s)?
1
Let o(z) = -z**3 - 7*z**2 - 8*z - 10. Let s be o(-6). Let i(u) = 6*u**3 - u**2 - 5*u - 2. What is the tens digit of i(s)?
3
What is the hundreds digit of ((-4)/12 + 0)/(20/(-309480))?
1
Let c = -1672 - -4707. What is the hundreds digit of c?
0
Let o(w) = 51*w**2 - w + 2. Suppose 6*i - 5*i = -16. Let p be 3/4 - 4/i. What is the units digit of o(p)?
2
Let k be 3/(5 + -2) + -1. Suppose k = 3*x - 3*a - 51, -5*x + 3*a = -49 - 32. What is the units digit of x?
5
Let b = -1254 - -1275. Suppose 2*q - 4 = -0. Suppose -83 = -3*v + 5*r, -q*r = -v + 3*r + b. What is the tens digit of v?
3
Let u(p) = -5*p**3 - 2*p**2 + 1. Let j be u(-1). Suppose 3*b + 145 + 741 = j*n, 5*n = 2*b + 1104. What is the hundreds digit of n?
2
Let g = 6 + -14. Let t = 8 - g. Let p = t - -6. What is the units digit of p?
2
Suppose 0 = m - c + 90, 0*m - 4*m - 360 = 2*c. Let w = m + 133. What is the units digit of w?
3
What is the hundreds digit of (9/72*4)/(2/2052)?
5
Let o(q) = 9*q**2 - 15*q + 34. What is the tens digit of o(7)?
7
Suppose 2*s + 3*b - 506 = 0, 2*s + 1004 = 6*s + 4*b. What is the tens digit of s?
4
Let z(f) = f + 8. Let o(g) = -g + 1. Let j be o(1). Let u be z(j). What is the tens digit of (10/4)/(1/u)?
2
Let q be -4 + 3/1 - -375. Suppose 7*d - q - 172 = 0. What is the units digit of d?
8
Suppose 24*u = 23*u - 10. Let s = u - -48. What is the tens digit of s?
3
What is the units digit of (0 + 18)*(-4)/(-8)?
9
Suppose 4*b - 3*n + 399 = 0, 4*b + n + 309 = b. What is the tens digit of (b/85)/((-1)/30)?
3
Let o(u) = 11*u + 7. Let b be o(2). Let s(f) = f + 1. Let i be s(3). Suppose i*p - b - 7 = 0. What is the units digit of p?
9
Let k(a) be the first derivative of a**4/4 - 4*a**3/3 - 4*a**2 - 4*a - 1. What is the units digit of k(7)?
7
Let c = 15 + -9. Let l be 5 + -9 + (-3 - 0) + 53. What is the tens digit of (l/(-8))/(c/(-48))?
4
Let q = 575 + -87. Suppose 4*g - 488 = -2*t, -4*g + 4*t + q = 2*t. Suppose -4*c + g = -70. What is the units digit of c?
8
Suppose r - 3*r + 14 = 0. Let i be (r/2)/(-7)*60. What is the units digit of (-168)/i + 4/10?
6
Suppose -2*q - 9 = -3*m - 3, 2*m = 4*q + 4. Suppose 2*p = 4*r - 12, -r - r - 4*p + 16 = 0. What is the units digit of 50/r - 3/m?
1
Let n(s) = -s**2 + 7*s - 7. Let j be n(6). What is the units digit of (j - (2 - 0))*-6?
8
Let c be 3/(-12) + 3/(-12)*-37. Let f(r) = r**3 - 9*r**2 + 6*r - 12. What is the units digit of f(c)?
2
Let v(c) = -645*c - 206. What is the hundreds digit of v(-6)?
6
Let m be (-1)/(-1) + (-2)/(-2). Suppose 2*f - o = -1, -3*f + 20 = 2*f + m*o. Suppose 0 = -2*d + 5*b + 8, 2 + f = d + 3*b. What is the units digit of d?
4
Suppose -3*p + 2*u + 9479 = 3085, 2*u = p - 2134. What is the units digit of p?
0
Let s = 34 - 37. Let m = 12 - s. What is the tens digit of m?
1
What is the units digit of 6 + (7 - -377) + -1 + 3?
2
Let f = 879 + -507. What is the units digit of f?
2
Suppose -5*x + 314 = 3*b, 2*b - 4*x - 332 = -b. What is the units digit of b?
8
Let g be (-4)/(-10) - 15705/75. Let j = -141 - g. What is the tens digit of j?
6
Let u be (-5)/5*(2 + -7). Suppose -5*q - 4*i - 32 = -9, -2*i - 29 = u*q. Let a = q - -11. What is the units digit of a?
4
Let q(d) be the third derivative of -d**5/30 - d**3/6 - 6*d**2. Let y be q(-2). What is the tens digit of (-243)/y*(1 - 0)?
2
Let o be 1/(-3) + (-595)/(-21). Let d be 1 + (-5)/((-20)/o). What is the tens digit of -15*(-7 + (d - 4))?
4
Let n be ((-2)/(-3))/((-8)/(-36)). Let q(y) = n*y - 2*y - 8*y. What is the units digit of q(-5)?
5
Let p = 22 - 17. Suppose 0*w - 3*w + 121 = i, 0 = p*w + 15. What is the tens digit of i?
3
Let t be 8646/18 + (-1)/3. Suppose 5*n = -3*d + t, 4*n - 2*d = -0*n + 384. What is the tens digit of n?
9
Let r(s) = -44*s + 261. What is the thousands digit of r(-20)?
1
Suppose 2*l = -l + 420. Let c = l - 71. What is the tens digit of c?
6
Let f(m) = -m**3 - 5*m**2 - 16*m - 9. What is the tens digit of f(-4)?
3
Let p = 203 - 171. What is the tens digit of p?
3
Suppose -86*t + 125*t - 231114 = 0. What is the tens digit of t?
2
Suppose -5*x = 4*y - 677, 5*y = -5*x - 0*y + 680. Let v = -88 + x. Suppose -4*k = -35 - v. What is the tens digit of k?
2
Suppose 27*s - 2756 = 25*s. What is the thousands digit of s?
1
Suppose -7*j + 5*h - 110 = -2*j, 0 = 2*h + 10. Let x = j - -49. Let t = x + -15. What is the units digit of t?
7
Suppose 94*m + 89728 = 126*m. What is the tens digit of m?
0
Suppose 5*i - 25 + 5 = 0. Suppose -q - q = i. What is the units digit of 4 - q - (-4)/2?
8
Let u be -1 - (-2*3 + 1). Suppose d + 12 = -t + 5, 0 = -2*d + 3*t + 11. What is the units digit of 31/u - d/8?
8
Let f(k) = -2*k**3 + 72*k**2 - 15*k + 139. What is the hundreds digit of f(35)?
0
Suppose -3*f + 10215 = 3*u, 42*u + 3 = 39*u. What is the thousands digit of f?
3
Let k(o) = -o**2 + 7*o + 6. Let d be k(6). Suppose -9*p - 33 = -d*p. Let h(u) = -u**2 + 13*u. What is the units digit of h(p)?
2
Let q = 3 + -3. Suppose 4*l - 44 - 24 = q. Suppose -63 = -2*g + l. What is the tens digit of g?
4
Let q = -24 + 36. What is the units digit of -24*(4 - 52/q)?
8
Suppose -6*k = -5*k - 3*d - 2865, -16 = -4*d. What is the units digit of k?
7
Suppose -8 = 2*j + 3*o, -j + 2*o - o + 1 = 0. Let c(p) = 27*p**2 + 2*p + 1. What is the units digit of c(j)?
6
What is the units digit of (1 - 4096)/((-120)/80)?
0
Let d = -1 + 5. Suppose 5*b = -c + 55, 8 - 34 = -3*b - 2*c. Let w = b - d. What is the units digit of w?
8
Let f = 159 - -5. What is the hundreds digit of f?
1
Let p be (((-10)/4)/((-2)/(-64)))/1. Let d = -28 - p. What is the units digit of d?
2
Let q be (-1)/(-5)*-3 - 504/(-15). Suppose 12 = -k + q. What is the tens digit of k?
2
Let a(z) be the third derivative of -3*z**4/8 + 5*z**3/2 - 22*z**2 + 2*z. What is the tens digit of a(-7)?
7
Let v = 75 - 73. Suppose -v*z = 3*z - 490. What is the tens digit of z?
9
Let w(i) = 155*i**2 + 25. What is the units digit of w(3)?
0
Suppose 0 = 3*x - 9*x + 9162. What is the tens digit of x?
2
Let i = 255 + -177. Suppose j - 4*j = -i. Suppose -5*y - 4*b = 15, 4*b = y - b - j. What is the units digit of y?
1
Suppose -k - 729 = -1445. What is the units digit of k?
6
Let g = 831 - 382. What is the units digit of g?
9
Let a(j) = -j**2 - 8*j + 20. What is the units digit of a(-6)?
2
Suppose 0*n + 2*n - 512 = 0. Suppose 7*p - 9*p = n. Let q = p - -181. What is the tens digit of q?
5
Let a(o) = 3*o**2 - 4*o - 2. Let g be a(4). Suppose g = n - 4*y, 4*n - 4*y + 29 = 137. What is the units digit of n?
6
Let k = 0 - -25. What is the units digit of (-15)/k - (-669)/15?
4
Let i = 337 - -64. Suppose 0 = -6*p + i - 47. What is the units digit of p?
9
Suppose -2*v + 8120 = 6*v. What is the thousands digit of v?
1
What is the tens digit of 2/(-3*4/(-2082))?
4
Let f(a) = -a**2 + a + 60. Let d be 0 + ((-4)/(-4) - 1). Let g be f(d). What is the tens digit of (-70)/(-4)*48/g?
1
Let 